{"id":254,"date":"2025-12-11T09:06:34","date_gmt":"2025-12-11T09:06:34","guid":{"rendered":"https:\/\/www.cromtest.com\/ana-sayfa\/?page_id=254"},"modified":"2026-02-16T12:19:47","modified_gmt":"2026-02-16T12:19:47","slug":"iletisim","status":"publish","type":"page","link":"https:\/\/www.cromtest.com\/ana-sayfa\/sayfalar\/iletisim\/","title":{"rendered":"\u0130leti\u015fim"},"content":{"rendered":"\n\n\t<section class=\"section\" id=\"section_652328143\">\n\t\t<div class=\"section-bg fill\" >\n\t\t\t\t\t\t\t\t\t\n\t\t\t\n\n\t\t<\/div>\n\n\t\t\n\n\t\t<div class=\"section-content relative\">\n\t\t\t\n\n<div class=\"row row-collapse row-full-width align-middle\"  id=\"row-1759481112\">\n\n\n\t<div id=\"col-1716377647\" class=\"col medium-6 large-6\"  >\n\t\t\t\t<div class=\"col-inner text-left\"  >\n\t\t\t\n\t\t\t\n\n\t<div id=\"text-1794705200\" class=\"text\">\n\t\t\n\n<h1><strong>Bizimle \u0130leti\u015fime Ge\u00e7in<\/strong><\/h1>\n\t\t\n<style>\n#text-1794705200 {\n  font-size: 1.5rem;\n  text-align: left;\n}\n<\/style>\n\t<\/div>\n\t\n<div class=\"is-divider divider clearfix\" style=\"max-width:0px;height:20px;\"><\/div>\n\n\t<div id=\"text-2018289331\" class=\"text\">\n\t\t\n\n<p>CROMTEST, y\u00fcksek kalite standartlar\u0131nda \u00fcretilen uyu\u015fturucu test \u00fcr\u00fcnleriyle laboratuvarda, i\u015f yerlerinde, evde g\u00fcvenilir ve s\u00fcrd\u00fcr\u00fclebilir bir tedarik \u00e7\u00f6z\u00fcm\u00fc sunar.<\/p>\n\t\t\n<style>\n#text-2018289331 {\n  font-size: 1.1rem;\n  line-height: 1.6;\n  text-align: left;\n}\n<\/style>\n\t<\/div>\n\t\n\n\t\t<div class=\"icon-box featured-box icon-box-left text-left is-xsmall\"  >\n\t\t\t\t\t<div class=\"icon-box-img\" style=\"width: 20px\">\n\t\t\t\t<div class=\"icon\">\n\t\t\t\t\t<div class=\"icon-inner\" >\n\t\t\t\t\t\t<img loading=\"lazy\" decoding=\"async\" width=\"210\" height=\"300\" src=\"https:\/\/www.cromtest.com\/wp-content\/uploads\/2026\/02\/location-2955_102411-210x300.png\" class=\"attachment-medium size-medium\" alt=\"\" srcset=\"https:\/\/www.cromtest.com\/wp-content\/uploads\/2026\/02\/location-2955_102411-210x300.png 210w, https:\/\/www.cromtest.com\/wp-content\/uploads\/2026\/02\/location-2955_102411.png 469w\" sizes=\"auto, (max-width: 210px) 100vw, 210px\" \/>\t\t\t\t\t<\/div>\n\t\t\t\t<\/div>\n\t\t\t<\/div>\n\t\t\t\t<div class=\"icon-box-text last-reset\">\n\t\t\t\t\t\t\t\t\t\n\n\t<div id=\"text-4047084427\" class=\"text\">\n\t\t\n\n<p>Harbiye mah. H\u00fcrriyet cad. no: 7\/12 \u00c7ankaya, Ankara<\/p>\n\t\t\n<style>\n#text-4047084427 {\n  font-size: 1.1rem;\n  line-height: 1.6;\n}\n<\/style>\n\t<\/div>\n\t\n\n\t\t<\/div>\n\t<\/div>\n\t\n\t\n\n\t\t<div class=\"icon-box featured-box icon-box-left text-left is-xsmall\"  >\n\t\t\t\t\t<div class=\"icon-box-img\" style=\"width: 25px\">\n\t\t\t\t<div class=\"icon\">\n\t\t\t\t\t<div class=\"icon-inner\" >\n\t\t\t\t\t\t<img loading=\"lazy\" decoding=\"async\" width=\"300\" height=\"300\" src=\"https:\/\/www.cromtest.com\/wp-content\/uploads\/2026\/02\/phone-504_1024-300x300.png\" class=\"attachment-medium size-medium\" alt=\"\" srcset=\"https:\/\/www.cromtest.com\/wp-content\/uploads\/2026\/02\/phone-504_1024-300x300.png 300w, https:\/\/www.cromtest.com\/wp-content\/uploads\/2026\/02\/phone-504_1024-150x150.png 150w, https:\/\/www.cromtest.com\/wp-content\/uploads\/2026\/02\/phone-504_1024-768x768.png 768w, https:\/\/www.cromtest.com\/wp-content\/uploads\/2026\/02\/phone-504_1024-600x600.png 600w, https:\/\/www.cromtest.com\/wp-content\/uploads\/2026\/02\/phone-504_1024-100x100.png 100w, https:\/\/www.cromtest.com\/wp-content\/uploads\/2026\/02\/phone-504_1024.png 1024w\" sizes=\"auto, (max-width: 300px) 100vw, 300px\" \/>\t\t\t\t\t<\/div>\n\t\t\t\t<\/div>\n\t\t\t<\/div>\n\t\t\t\t<div class=\"icon-box-text last-reset\">\n\t\t\t\t\t\t\t\t\t\n\n\t<div id=\"text-909598128\" class=\"text\">\n\t\t\n\n<p>+90 (312) 482 54 51<\/p>\n\t\t\n<style>\n#text-909598128 {\n  font-size: 1.1rem;\n  line-height: 1.6;\n}\n<\/style>\n\t<\/div>\n\t\n\n\t\t<\/div>\n\t<\/div>\n\t\n\t\n\n\t\t<\/div>\n\t\t\t\t\n<style>\n#col-1716377647 > .col-inner {\n  padding: 3% 10% 3% 10%;\n}\n<\/style>\n\t<\/div>\n\n\t\n\n\t<div id=\"col-1733821067\" class=\"col medium-6 large-6\"  >\n\t\t\t\t<div class=\"col-inner\"  >\n\t\t\t\n\t\t\t\n\n\t<div class=\"img has-hover x md-x lg-x y md-y lg-y\" id=\"image_1198209228\">\n\t\t\t\t\t\t\t\t<div class=\"img-inner dark\" >\n\t\t\t<img loading=\"lazy\" decoding=\"async\" width=\"1767\" height=\"1325\" src=\"https:\/\/www.cromtest.com\/wp-content\/uploads\/2025\/12\/Urun-gorselleri_3.png\" class=\"attachment-2048x2048 size-2048x2048\" alt=\"\" srcset=\"https:\/\/www.cromtest.com\/wp-content\/uploads\/2025\/12\/Urun-gorselleri_3.png 1767w, https:\/\/www.cromtest.com\/wp-content\/uploads\/2025\/12\/Urun-gorselleri_3-300x225.png 300w, https:\/\/www.cromtest.com\/wp-content\/uploads\/2025\/12\/Urun-gorselleri_3-1024x768.png 1024w, https:\/\/www.cromtest.com\/wp-content\/uploads\/2025\/12\/Urun-gorselleri_3-768x576.png 768w, https:\/\/www.cromtest.com\/wp-content\/uploads\/2025\/12\/Urun-gorselleri_3-1536x1152.png 1536w, https:\/\/www.cromtest.com\/wp-content\/uploads\/2025\/12\/Urun-gorselleri_3-1320x990.png 1320w, https:\/\/www.cromtest.com\/wp-content\/uploads\/2025\/12\/Urun-gorselleri_3-600x450.png 600w\" sizes=\"auto, (max-width: 1767px) 100vw, 1767px\" \/>\t\t\t\t\t\t\n\t\t\t\t\t<\/div>\n\t\t\t\t\t\t\t\t\n<style>\n#image_1198209228 {\n  width: 100%;\n}\n<\/style>\n\t<\/div>\n\t\n\n\n\t\t<\/div>\n\t\t\t\t\t<\/div>\n\n\t\n\n<\/div>\n<div class=\"is-divider divider clearfix\" style=\"max-width:0px;height:20px;\"><\/div>\n\n<div class=\"row row-collapse\"  id=\"row-520976248\">\n\n\n\t<div id=\"col-1746333926\" class=\"col small-12 large-12\"  >\n\t\t\t\t<div class=\"col-inner\"  >\n\t\t\t\n\t\t\t\n\n\t<div id=\"text-3647776711\" class=\"text\">\n\t\t\n\n<h1><strong>\u0130leti\u015fime Ge\u00e7<\/strong><\/h1>\n\t\t\n<style>\n#text-3647776711 {\n  font-size: 1.5rem;\n  text-align: center;\n}\n<\/style>\n\t<\/div>\n\t\n\t<div id=\"text-2081150462\" class=\"text\">\n\t\t\n\n<p>Sorular\u0131n\u0131z var ise <a href=\"https:\/\/www.cromtest.com\/ana-sayfa\/sayfalar\/sikca-sorulan-sorular\/\">S\u0131k\u00e7a Sorulan Sorular<\/a> sayfas\u0131n\u0131 ziyaret edebilirsiniz. Daha fazla destek i\u00e7in <a href=\"mailto:destek@cromtest.com\">satis@cromtest.com<\/a> adresine e-posta g\u00f6nderebilir veya a\u015fa\u011f\u0131daki formu doldurabilirsiniz. Ekibimiz talebinizi inceleyerek en k\u0131sa s\u00fcrede sizinle ileti\u015fime ge\u00e7ecektir.<\/p>\n\t\t\n<style>\n#text-2081150462 {\n  font-size: 1.1rem;\n  line-height: 1.6;\n  text-align: center;\n}\n<\/style>\n\t<\/div>\n\t\n\n\t\t<\/div>\n\t\t\t\t\t<\/div>\n\n\t\n\n<\/div>\n<div class=\"row row-collapse align-center\"  id=\"row-930122144\">\n\n\n\t<div id=\"col-923578128\" class=\"col medium-7 small-12 large-7\"  >\n\t\t\t\t<div class=\"col-inner text-center\"  >\n\t\t\t\n\t\t\t\n\n\n\n<style id=\"wpforms-css-vars-708\">\n\t\t\t\t#wpforms-708 {\n\t\t\t\t--wpforms-container-padding: 0px;\n--wpforms-container-border-width: 1px;\n--wpforms-container-border-radius: 3px;\n--wpforms-background-color: rgba(0, 0, 0, 0);\n--wpforms-field-size-input-height: 43px;\n--wpforms-field-size-input-spacing: 15px;\n--wpforms-field-size-font-size: 16px;\n--wpforms-field-size-line-height: 19px;\n--wpforms-field-size-padding-h: 14px;\n--wpforms-field-size-checkbox-size: 16px;\n--wpforms-field-size-sublabel-spacing: 5px;\n--wpforms-field-size-icon-size: 1;\n--wpforms-label-size-font-size: 16px;\n--wpforms-label-size-line-height: 19px;\n--wpforms-label-size-sublabel-font-size: 14px;\n--wpforms-label-size-sublabel-line-height: 17px;\n--wpforms-button-size-font-size: 17px;\n--wpforms-button-size-height: 41px;\n--wpforms-button-size-padding-h: 15px;\n--wpforms-button-size-margin-top: 10px;\n--wpforms-container-shadow-size-box-shadow: none;\n\t\t\t}\n\t\t\t<\/style><div class=\"wpforms-container wpforms-container-full wpforms-render-modern\" id=\"wpforms-708\"><form id=\"wpforms-form-708\" class=\"wpforms-validate wpforms-form wpforms-ajax-form\" data-formid=\"708\" method=\"post\" enctype=\"multipart\/form-data\" action=\"\/ana-sayfa\/wp-json\/wp\/v2\/pages\/254\" data-token=\"170859f6d22043fb0e23415170848c8c\" data-token-time=\"1776678289\"><noscript class=\"wpforms-error-noscript\">Bu formu bitirebilmek i\u00e7in taray\u0131c\u0131n\u0131zda JavaScript&#039;i etkinle\u015ftirin.<\/noscript><div id=\"wpforms-error-noscript\" style=\"display: none;\">Bu formu bitirebilmek i\u00e7in taray\u0131c\u0131n\u0131zda JavaScript&#039;i etkinle\u015ftirin.<\/div><div class=\"wpforms-field-container\"><div id=\"wpforms-708-field_6-container\" class=\"wpforms-field wpforms-field-name\" data-field-id=\"6\"><fieldset><legend class=\"wpforms-field-label wpforms-label-hide\" aria-hidden=\"false\">\u0130leti\u015fim Bilgileriniz <span class=\"wpforms-required-label\" aria-hidden=\"true\">*<\/span><\/legend><div class=\"wpforms-field-row wpforms-field-large\"><div class=\"wpforms-field-row-block wpforms-first wpforms-one-half\"><input type=\"text\" id=\"wpforms-708-field_6\" class=\"wpforms-field-name-first wpforms-field-required\" name=\"wpforms[fields][6][first]\" placeholder=\"Ad\u0131\" aria-errormessage=\"wpforms-708-field_6-error\" required><label for=\"wpforms-708-field_6\" class=\"wpforms-field-sublabel after wpforms-sublabel-hide\">Ad<\/label><\/div><div class=\"wpforms-field-row-block wpforms-one-half\"><input type=\"text\" id=\"wpforms-708-field_6-last\" class=\"wpforms-field-name-last wpforms-field-required\" name=\"wpforms[fields][6][last]\" placeholder=\"Soyad\u0131\" aria-errormessage=\"wpforms-708-field_6-last-error\" required><label for=\"wpforms-708-field_6-last\" class=\"wpforms-field-sublabel after wpforms-sublabel-hide\">Soyad<\/label><\/div><\/div><\/fieldset><\/div><div id=\"wpforms-708-field_13-container\" class=\"wpforms-field wpforms-field-email wpforms-one-half wpforms-first\" data-field-id=\"13\"><label class=\"wpforms-field-label wpforms-label-hide\" for=\"wpforms-708-field_13\" aria-hidden=\"false\">E-posta <span class=\"wpforms-required-label\" aria-hidden=\"true\">*<\/span><\/label><input type=\"email\" id=\"wpforms-708-field_13\" class=\"wpforms-field-large wpforms-field-required\" name=\"wpforms[fields][13]\" placeholder=\"E-posta\" spellcheck=\"false\" aria-errormessage=\"wpforms-708-field_13-error\" required><\/div><div id=\"wpforms-708-field_16-container\" class=\"wpforms-field wpforms-field-text wpforms-one-half\" data-field-id=\"16\"><label class=\"wpforms-field-label wpforms-label-hide\" for=\"wpforms-708-field_16\" aria-hidden=\"false\">Tek Sat\u0131rl\u0131 Metin<\/label><input type=\"text\" id=\"wpforms-708-field_16\" class=\"wpforms-field-large wpforms-masked-input\" data-rule-inputmask-incomplete=\"1\" data-inputmask-mask=\"+99 (999)-999-9999\" name=\"wpforms[fields][16]\" value=\"+90\" aria-errormessage=\"wpforms-708-field_16-error\" ><\/div><div id=\"wpforms-708-field_8-container\" class=\"wpforms-field wpforms-field-text\" data-field-id=\"8\"><label class=\"wpforms-field-label wpforms-label-hide\" for=\"wpforms-708-field_8\" aria-hidden=\"false\">Kurum Ad\u0131<\/label><input type=\"text\" id=\"wpforms-708-field_8\" class=\"wpforms-field-large\" name=\"wpforms[fields][8]\" placeholder=\"Kurum ad\u0131\" aria-errormessage=\"wpforms-708-field_8-error\" ><\/div><div id=\"wpforms-708-field_9-container\" class=\"wpforms-field wpforms-field-text\" data-field-id=\"9\"><label class=\"wpforms-field-label wpforms-label-hide\" for=\"wpforms-708-field_9\" aria-hidden=\"false\">Adres<\/label><input type=\"text\" id=\"wpforms-708-field_9\" class=\"wpforms-field-large\" name=\"wpforms[fields][9]\" placeholder=\"Adres\" aria-errormessage=\"wpforms-708-field_9-error\" ><\/div>\t\t<div id=\"wpforms-708-field_1-container\"\n\t\t\tclass=\"wpforms-field wpforms-field-text\"\n\t\t\tdata-field-type=\"text\"\n\t\t\tdata-field-id=\"1\"\n\t\t\t>\n\t\t\t<label class=\"wpforms-field-label\" for=\"wpforms-708-field_1\" >Metin E-posta Ad\u0131<\/label>\n\t\t\t<input type=\"text\" id=\"wpforms-708-field_1\" class=\"wpforms-field-medium\" name=\"wpforms[fields][1]\" >\n\t\t<\/div>\n\t\t<div id=\"wpforms-708-field_5-container\" class=\"wpforms-field wpforms-field-textarea\" data-field-id=\"5\"><label class=\"wpforms-field-label wpforms-label-hide\" for=\"wpforms-708-field_5\" aria-hidden=\"false\">Paragraf Metni<\/label><textarea id=\"wpforms-708-field_5\" class=\"wpforms-field-large\" name=\"wpforms[fields][5]\" placeholder=\"A\u00e7\u0131klama\" aria-errormessage=\"wpforms-708-field_5-error\" ><\/textarea><\/div><script>\n\t\t\t\t( function() {\n\t\t\t\t\tconst style = document.createElement( 'style' );\n\t\t\t\t\tstyle.appendChild( document.createTextNode( '#wpforms-708-field_1-container { position: absolute !important; overflow: hidden !important; display: inline !important; height: 1px !important; width: 1px !important; z-index: -1000 !important; padding: 0 !important; } #wpforms-708-field_1-container input { visibility: hidden; } #wpforms-conversational-form-page #wpforms-708-field_1-container label { counter-increment: none; }' ) );\n\t\t\t\t\tdocument.head.appendChild( style );\n\t\t\t\t\tdocument.currentScript?.remove();\n\t\t\t\t} )();\n\t\t\t<\/script><\/div><!-- .wpforms-field-container --><div class=\"wpforms-submit-container\" ><input type=\"hidden\" name=\"wpforms[id]\" value=\"708\"><input type=\"hidden\" name=\"page_title\" value=\"\"><input type=\"hidden\" name=\"page_url\" value=\"https:\/\/www.cromtest.com\/ana-sayfa\/wp-json\/wp\/v2\/pages\/254\"><input type=\"hidden\" name=\"url_referer\" value=\"\"><button type=\"submit\" name=\"wpforms[submit]\" id=\"wpforms-submit-708\" class=\"wpforms-submit\" data-alt-text=\"G\u00f6nderiliyor...\" data-submit-text=\"G\u00f6nder\" aria-live=\"assertive\" value=\"wpforms-submit\">G\u00f6nder<\/button><img loading=\"lazy\" decoding=\"async\" src=\"https:\/\/www.cromtest.com\/wp-content\/plugins\/wpforms-lite\/assets\/images\/submit-spin.svg\" class=\"wpforms-submit-spinner\" style=\"display: none;\" width=\"26\" height=\"26\" alt=\"Y\u00fckleniyor\"><\/div><\/form><\/div>  <!-- .wpforms-container -->\n\n\n\t\t<\/div>\n\t\t\t\t\t<\/div>\n\n\t\n\n<\/div>\n<div class=\"is-divider divider clearfix\" style=\"max-width:0px;height:20px;\"><\/div>\n\n\n\t\t<\/div>\n\n\t\t\n<style>\n#section_652328143 {\n  padding-top: 0px;\n  padding-bottom: 0px;\n}\n<\/style>\n\t<\/section>\n\t\n\n","protected":false},"excerpt":{"rendered":"","protected":false},"author":1,"featured_media":0,"parent":258,"menu_order":0,"comment_status":"closed","ping_status":"closed","template":"","meta":{"footnotes":""},"class_list":["post-254","page","type-page","status-publish","hentry"],"jetpack_sharing_enabled":true,"_links":{"self":[{"href":"https:\/\/www.cromtest.com\/ana-sayfa\/wp-json\/wp\/v2\/pages\/254","targetHints":{"allow":["GET"]}}],"collection":[{"href":"https:\/\/www.cromtest.com\/ana-sayfa\/wp-json\/wp\/v2\/pages"}],"about":[{"href":"https:\/\/www.cromtest.com\/ana-sayfa\/wp-json\/wp\/v2\/types\/page"}],"author":[{"embeddable":true,"href":"https:\/\/www.cromtest.com\/ana-sayfa\/wp-json\/wp\/v2\/users\/1"}],"replies":[{"embeddable":true,"href":"https:\/\/www.cromtest.com\/ana-sayfa\/wp-json\/wp\/v2\/comments?post=254"}],"version-history":[{"count":50,"href":"https:\/\/www.cromtest.com\/ana-sayfa\/wp-json\/wp\/v2\/pages\/254\/revisions"}],"predecessor-version":[{"id":960,"href":"https:\/\/www.cromtest.com\/ana-sayfa\/wp-json\/wp\/v2\/pages\/254\/revisions\/960"}],"up":[{"embeddable":true,"href":"https:\/\/www.cromtest.com\/ana-sayfa\/wp-json\/wp\/v2\/pages\/258"}],"wp:attachment":[{"href":"https:\/\/www.cromtest.com\/ana-sayfa\/wp-json\/wp\/v2\/media?parent=254"}],"curies":[{"name":"wp","href":"https:\/\/api.w.org\/{rel}","templated":true}]}}