{"id":268,"date":"2025-12-11T09:30:18","date_gmt":"2025-12-11T09:30:18","guid":{"rendered":"https:\/\/www.cromtest.com\/ana-sayfa\/?page_id=268"},"modified":"2025-12-13T23:15:18","modified_gmt":"2025-12-13T23:15:18","slug":"gizlilik-politikasi","status":"publish","type":"page","link":"https:\/\/www.cromtest.com\/ana-sayfa\/sayfalar\/gizlilik-politikasi\/","title":{"rendered":"Gizlilik Politikas\u0131"},"content":{"rendered":"\n\n\t<section class=\"section\" id=\"section_2003495135\">\n\t\t<div class=\"section-bg fill\" >\n\t\t\t\t\t\t\t\t\t\n\t\t\t\n\n\t\t<\/div>\n\n\t\t\n\n\t\t<div class=\"section-content relative\">\n\t\t\t\n\n<div class=\"row align-center\"  id=\"row-917914234\">\n\n\n\t<div id=\"col-1897725487\" class=\"col small-12 large-12\"  >\n\t\t\t\t<div class=\"col-inner text-left\"  >\n\t\t\t\n\t\t\t\n\n\t<div id=\"text-626246100\" class=\"text\">\n\t\t\n\n<h1><strong>G\u0130ZL\u0130L\u0130K POL\u0130T\u0130KASI<\/strong><\/h1>\n\n\t\t\n<style>\n#text-626246100 {\n  font-size: 1.5rem;\n  text-align: center;\n}\n<\/style>\n\t<\/div>\n\t\n\t<div id=\"text-614463000\" class=\"text\">\n\t\t\n\n<p><strong>G\u0130R\u0130\u015e<\/strong><\/p>\n<p>CROM TEST olarak, kullan\u0131c\u0131lar\u0131m\u0131z\u0131n hizmetlerimizden g\u00fcvenli ve eksiksiz bir bi\u00e7imde faydalanmalar\u0131n\u0131 sa\u011flamak amac\u0131yla, platformumuzu kullanan t\u00fcm ilgili ki\u015filerin gizlili\u011fini korumak i\u00e7in azami \u00f6zen g\u00f6stermekteyiz. Bu do\u011frultuda, i\u015fbu CROM TEST Gizlilik Politikas\u0131 (\u201cPolitika\u201d), kullan\u0131c\u0131lar\u0131m\u0131z\u0131n ki\u015fisel verilerinin 6698 say\u0131l\u0131 Ki\u015fisel Verilerin Korunmas\u0131 Kanunu (\u201cKanun\u201d) ile tamamen uyumlu bir \u015fekilde i\u015flenmesi ve bu s\u00fcre\u00e7 hakk\u0131nda bilgilendirilmesi amac\u0131yla haz\u0131rlanm\u0131\u015ft\u0131r. \u0130\u015fbu Politika\u2019n\u0131n ayr\u0131lmaz bir par\u00e7as\u0131n\u0131 olu\u015fturan www.cromtest.com \u00c7erez Politikas\u0131 da ilgili bilgilendirmeleri i\u00e7ermektedir.<\/p>\n<p><strong>POL\u0130T\u0130KANIN AMACI VE KAPSAMI<\/strong><\/p>\n<p>\u0130\u015fbu Politika\u2019n\u0131n temel amac\u0131, CROM TEST taraf\u0131ndan i\u015fletilmekte olan www.cromtest.com internet sitesi ile varsa mobil uygulamas\u0131n\u0131n (hepsi birlikte \u201cPlatform\u201d olarak an\u0131lacakt\u0131r) faaliyetleri s\u0131ras\u0131nda, Platform \u00fcyeleri\/ziyaret\u00e7ileri\/kullan\u0131c\u0131lar\u0131 (hepsi birlikte \u201cVeri Sahibi\u201d olarak an\u0131lacakt\u0131r) taraf\u0131ndan CROM TEST ile payla\u015f\u0131lan veya CROM TEST\u2019in, Veri Sahibi\u2019nin Platform\u2019u kullan\u0131m\u0131 s\u0131ras\u0131nda otomatik ya da otomatik olmayan yollarla \u00fcretti\u011fi ki\u015fisel verilerin kullan\u0131m\u0131na ili\u015fkin genel ko\u015ful ve \u015fartlar\u0131 belirlemektir.<\/p>\n<p><strong>\u0130\u015eLENEN K\u0130\u015e\u0130SEL VER\u0130 KATEGOR\u0130LER\u0130<\/strong><\/p>\n<p>A\u015fa\u011f\u0131da CROM TEST taraf\u0131ndan i\u015flenen ve Kanun uyar\u0131nca ki\u015fisel veri say\u0131lan veri kategorileri s\u0131ralanm\u0131\u015ft\u0131r. Aksi a\u00e7\u0131k\u00e7a belirtilmedik\u00e7e, i\u015fbu Politika kapsam\u0131nda kullan\u0131lan \u201cki\u015fisel veri\u201d ifadesi, a\u015fa\u011f\u0131da belirtilen bilgi t\u00fcrlerini kapsayacakt\u0131r:<\/p>\n<ul>\n<li><strong>Kimlik Bilgisi:<\/strong>\u00a0(Ad, Soyad\u0131, T.C. Kimlik Numaras\u0131 vb.)<\/li>\n<li><strong>\u0130leti\u015fim Bilgisi:<\/strong>\u00a0(E-posta adresi, telefon numaras\u0131, adres vb.)<\/li>\n<li><strong>Kullan\u0131c\u0131 Bilgisi:<\/strong>\u00a0(Kullan\u0131c\u0131 ad\u0131, \u015fifre, \u00fcyelik bilgileri vb.)<\/li>\n<li><strong>Kullan\u0131c\u0131 \u0130\u015flem Bilgisi:<\/strong>\u00a0(Platform kullan\u0131m ge\u00e7mi\u015fi, sipari\u015f bilgileri, etkile\u015fim kay\u0131tlar\u0131 vb.)<\/li>\n<li><strong>\u0130\u015flem G\u00fcvenli\u011fi Bilgisi:<\/strong>\u00a0(IP adresi, log kay\u0131tlar\u0131, cihaz bilgisi vb.)<\/li>\n<li><strong>Finansal Bilgi:<\/strong>\u00a0(Banka hesap bilgileri, \u00f6deme bilgileri \u2013 CROM TEST taraf\u0131ndan do\u011frudan saklan\u0131yorsa veya \u00f6deme kurulu\u015fuyla payla\u015f\u0131l\u0131yorsa)<\/li>\n<li><strong>Pazarlama Bilgisi:<\/strong>\u00a0(\u00c7erez kay\u0131tlar\u0131, al\u0131\u015fveri\u015f ge\u00e7mi\u015fi, ilgi alanlar\u0131 vb.)<\/li>\n<li><strong>Talep\/\u015eikayet Y\u00f6netimi Bilgisi:<\/strong>\u00a0(\u0130leti\u015fim formlar\u0131, \u015fikayet kay\u0131tlar\u0131 vb.)<\/li>\n<\/ul>\n<p>Kanun\u2019un 3. ve 7. maddeleri uyar\u0131nca, geri d\u00f6nd\u00fcr\u00fclemeyecek \u015fekilde anonim hale getirilen veriler, an\u0131lan Kanun h\u00fck\u00fcmleri uyar\u0131nca ki\u015fisel veri olarak kabul edilmeyecek ve bu verilere ili\u015fkin i\u015fleme faaliyetleri i\u015fbu Politika h\u00fck\u00fcmleri ile ba\u011fl\u0131 olmaks\u0131z\u0131n ger\u00e7ekle\u015ftirilecektir. Anonim hale getirilen veriler, kimlik belirlemeyecek \u015fekilde saklan\u0131r ve tekrar tan\u0131mlanmas\u0131 m\u00fcmk\u00fcn olmaz; istatistiksel analizler ve raporlamalar i\u00e7in kullan\u0131labilir.<\/p>\n<p><strong>K\u0130\u015e\u0130SEL VER\u0130 \u0130\u015eLEME AMA\u00c7LARI<\/strong><\/p>\n<p>CROM TEST , Veri Sahibi taraf\u0131ndan sa\u011flanan ki\u015fisel verileri a\u015fa\u011f\u0131daki ama\u00e7lar do\u011frultusunda i\u015fleyebilecektir:<\/p>\n<ul>\n<li>\u00dcyelik kayd\u0131n\u0131n ve hesab\u0131n\u0131n olu\u015fturulmas\u0131, ilgili kay\u0131tlar\u0131n tutulmas\u0131.<\/li>\n<li>Veri Sahibi\u2019nin Platform \u00fczerinden sunulan hizmetlerden eksiksiz faydaland\u0131r\u0131lmas\u0131.<\/li>\n<li>Sistem hatalar\u0131n\u0131n tespiti, performans takibi ve Platform\u2019un i\u015fleyi\u015finin iyile\u015ftirilmesi.<\/li>\n<li>Bak\u0131m, destek ve yedekleme hizmetlerinin sunulmas\u0131.<\/li>\n<li>CROM TEST taraf\u0131ndan sunulan \u00fcr\u00fcn ve hizmetlerden ilgili ki\u015fileri faydaland\u0131rmak i\u00e7in gerekli \u00e7al\u0131\u015fmalar\u0131n i\u015f birimleri taraf\u0131ndan yap\u0131lmas\u0131 ve ilgili i\u015f s\u00fcre\u00e7lerinin y\u00fcr\u00fct\u00fclmesi.<\/li>\n<li>Bu \u00fcr\u00fcn ve hizmetlerin, ilgili ki\u015filerin be\u011feni, kullan\u0131m al\u0131\u015fkanl\u0131klar\u0131 ve ihtiya\u00e7lar\u0131na g\u00f6re \u00f6zelle\u015ftirilerek ilgili ki\u015filere \u00f6nerilmesi ve tan\u0131t\u0131lmas\u0131 i\u00e7in gerekli olan aktivitelerin planlanmas\u0131 ve icras\u0131.<\/li>\n<li>CROM TEST taraf\u0131ndan y\u00fcr\u00fct\u00fclen ticari faaliyetlerin ger\u00e7ekle\u015ftirilmesi i\u00e7in ilgili i\u015f birimleri taraf\u0131ndan gerekli \u00e7al\u0131\u015fmalar\u0131n yap\u0131lmas\u0131 ve buna ba\u011fl\u0131 i\u015f s\u00fcre\u00e7lerinin y\u00fcr\u00fct\u00fclmesi.<\/li>\n<li>CROM TEST ve i\u015f ili\u015fkisi i\u00e7erisinde bulundu\u011fu ki\u015filerin hukuki, teknik ve ticari-i\u015f g\u00fcvenli\u011finin temini.<\/li>\n<li>CROM TEST \u2019n\u0131n ticari ve\/veya i\u015f stratejilerinin planlanmas\u0131 ve icras\u0131.<\/li>\n<\/ul>\n<p><strong>VER\u0130 SAH\u0130PLER\u0130N\u0130N A\u00c7IK RIZASI DO\u011eRULTUSUNDA \u0130\u015eLENECEK K\u0130\u015e\u0130SEL VER\u0130LER VE \u0130\u015eLEME AMA\u00c7LARI<\/strong><\/p>\n<p>Veri Sahibi\u2019nin a\u00e7\u0131k r\u0131zas\u0131 kapsam\u0131nda, CROM TEST , Veri Sahipleri\u2019nin Platform \u00fczerindeki hareketlerini takip ederek kullan\u0131c\u0131 deneyiminin art\u0131r\u0131lmas\u0131, istatistik olu\u015fturulmas\u0131, profilleme yap\u0131lmas\u0131, do\u011frudan pazarlama ve yeniden pazarlama faaliyetlerinin y\u00fcr\u00fct\u00fclmesi, Veri Sahibi\u2019ne \u00f6zel promosyon \u00f6nerilerinin olu\u015fturulmas\u0131 ve Veri Sahibi\u2019ne iletilmesi ama\u00e7lar\u0131yla veri i\u015fleyebilecek ve bu kapsamda elde edilen verileri, a\u015fa\u011f\u0131da belirtilen taraflarla payla\u015fabilecektir. Bu veriler, reklam ve materyal i\u00e7eriklerinde kullan\u0131labilir.<\/p>\n<p><strong>K\u0130\u015e\u0130SEL VER\u0130LER\u0130N AKTARIMI<\/strong><\/p>\n<p>CROM TEST , Veri Sahibi\u2019ne ait ki\u015fisel verileri ve bu ki\u015fisel veriler kullan\u0131larak elde etti\u011fi yeni verileri, i\u015fbu Gizlilik Politikas\u0131 ile belirlenen ama\u00e7lar\u0131n ger\u00e7ekle\u015ftirilebilmesi i\u00e7in CROM TEST \u2019n\u0131n hizmetlerinden faydaland\u0131\u011f\u0131 \u00fc\u00e7\u00fcnc\u00fc ki\u015filere, s\u00f6z konusu hizmetlerin temini amac\u0131yla s\u0131n\u0131rl\u0131 olmak \u00fczere aktarabilecektir. Bu aktar\u0131mlar; Veri Sahibi deneyiminin geli\u015ftirilmesi (iyile\u015ftirme ve ki\u015fiselle\u015ftirme dahil), Veri Sahibi\u2019nin g\u00fcvenli\u011fini sa\u011flamak, hileli ya da izinsiz kullan\u0131mlar\u0131 tespit etmek, operasyonel de\u011ferlendirme ve ara\u015ft\u0131rma, Platform hizmetlerine ili\u015fkin hatalar\u0131n giderilmesi ve i\u015fbu Gizlilik Politikas\u0131\u2019nda yer alan ama\u00e7lardan herhangi birisini ger\u00e7ekle\u015ftirebilmek i\u00e7in yap\u0131labilir. Bu kapsamda, SMS g\u00f6nderimi yapanlar da dahil olmak \u00fczere d\u0131\u015f kaynak hizmet sa\u011flay\u0131c\u0131lar\u0131, bar\u0131nd\u0131rma hizmet sa\u011flay\u0131c\u0131lar\u0131 (hosting servisleri), hukuk b\u00fcrolar\u0131, ara\u015ft\u0131rma \u015firketleri, \u00e7a\u011fr\u0131 merkezleri gibi \u00fc\u00e7\u00fcnc\u00fc ki\u015filerle payla\u015f\u0131m s\u00f6z konusu olabilecektir.<\/p>\n<p>Ki\u015fisel veriler, Kanun\u2019un 8. ve 9. maddelerinde belirtilen ki\u015fisel veri i\u015fleme \u015fartlar\u0131 ve ama\u00e7lar\u0131 \u00e7er\u00e7evesinde \u015firket yetkilileri, hissedarlar\u0131, i\u015f ortaklar\u0131m\u0131z, tedarik\u00e7ilerimiz, kanunen yetkili kamu kurum ve kurulu\u015flar\u0131 ile kanunen yetkili \u00f6zel kurumlar ile payla\u015f\u0131labilecek, bu ama\u00e7larla s\u0131n\u0131rl\u0131 olarak Kanun m.9\u2019da i\u015faret edilen usul ve esaslar ile Ki\u015fisel Verileri Koruma Kurulu kararlar\u0131 \u00e7er\u00e7evesinde yurt d\u0131\u015f\u0131na aktar\u0131labilecektir.<\/p>\n<p><strong>K\u0130\u015e\u0130SEL VER\u0130LER\u0130N TOPLANMA Y\u00d6NTEM\u0130 VE HUKUK\u0130 SEBEB\u0130<\/strong><\/p>\n<p>Ki\u015fisel veriler, Platform \u00fczerinden elektronik ortamda toplanmaktad\u0131r. Yukar\u0131da belirtilen hukuki sebeplerle toplanan ki\u015fisel veriler, 6698 say\u0131l\u0131 Kanun\u2019un 5. ve 6. maddelerinde ve bu Gizlilik Politikas\u0131\u2019nda belirtilen ama\u00e7larla i\u015flenebilmekte ve aktar\u0131labilmektedir.<\/p>\n<p><strong>K\u0130\u015e\u0130SEL VER\u0130 SAH\u0130B\u0130N\u0130N HAKLARI<\/strong><\/p>\n<p>Kanun\u2019un 11. maddesi uyar\u0131nca veri sahipleri, CROM TEST \u2019ya ba\u015fvurarak kendileriyle ilgili a\u015fa\u011f\u0131daki haklara sahiptir:<\/p>\n<ul>\n<li>Ki\u015fisel veri i\u015flenip i\u015flenmedi\u011fini \u00f6\u011frenme,<\/li>\n<li>Ki\u015fisel verileri i\u015flenmi\u015fse buna ili\u015fkin bilgi talep etme,<\/li>\n<li>Ki\u015fisel verilerin i\u015flenme amac\u0131n\u0131 ve bunlar\u0131n amac\u0131na uygun kullan\u0131l\u0131p kullan\u0131lmad\u0131\u011f\u0131n\u0131 \u00f6\u011frenme,<\/li>\n<li>Yurt i\u00e7inde veya yurt d\u0131\u015f\u0131nda ki\u015fisel verilerin aktar\u0131ld\u0131\u011f\u0131 \u00fc\u00e7\u00fcnc\u00fc ki\u015fileri bilme,<\/li>\n<li>Ki\u015fisel verilerin eksik veya yanl\u0131\u015f i\u015flenmi\u015f olmas\u0131 h\u00e2linde bunlar\u0131n d\u00fczeltilmesini isteme ve bu kapsamda yap\u0131lan i\u015flemin ki\u015fisel verilerin aktar\u0131ld\u0131\u011f\u0131 \u00fc\u00e7\u00fcnc\u00fc ki\u015filere bildirilmesini isteme,<\/li>\n<li>Kanun ve ilgili di\u011fer kanun h\u00fck\u00fcmlerine uygun olarak i\u015flenmi\u015f olmas\u0131na ra\u011fmen, i\u015flenmesini gerektiren sebeplerin ortadan kalkmas\u0131 h\u00e2linde ki\u015fisel verilerin silinmesini veya yok edilmesini isteme ve bu kapsamda yap\u0131lan i\u015flemin ki\u015fisel verilerin aktar\u0131ld\u0131\u011f\u0131 \u00fc\u00e7\u00fcnc\u00fc ki\u015filere bildirilmesini isteme,<\/li>\n<li>Ki\u015fisel verilerin kanuna ayk\u0131r\u0131 olarak i\u015flenmesi sebebiyle zarara u\u011framas\u0131 h\u00e2linde zarar\u0131n giderilmesini talep etme.<\/li>\n<\/ul>\n<p>S\u00f6z konusu haklar\u0131n kullan\u0131m\u0131na ili\u015fkin talepler, ki\u015fisel veri sahipleri taraf\u0131ndan www.cromtest.com adresinde yer alan Kanun Kapsam\u0131nda CROM TEST taraf\u0131ndan haz\u0131rlanan Ki\u015fisel Verilerin \u0130\u015flenmesi ve Korunmas\u0131na ili\u015fkin Politikada belirtilen y\u00f6ntemlerle iletilebilecektir. CROM TEST, s\u00f6z konusu talepleri en ge\u00e7 otuz (30) g\u00fcn i\u00e7erisinde sonu\u00e7land\u0131racakt\u0131r. CROM TEST \u2019n\u0131n, taleplere ili\u015fkin olarak Ki\u015fisel Verileri Koruma Kurulu taraf\u0131ndan belirlenen (varsa) \u00fccret tarifesi \u00fczerinden \u00fccret talep etme hakk\u0131 sakl\u0131d\u0131r. Taleplerinizi e-posta adresi: info@cromtest.com arac\u0131l\u0131\u011f\u0131yla iletebilirsiniz.<\/p>\n<p>\u00a0<\/p>\n\t\t\n<style>\n#text-614463000 {\n  font-size: 1.1rem;\n  line-height: 1.6;\n}\n<\/style>\n\t<\/div>\n\t\n\t<div id=\"text-1054031619\" class=\"text\">\n\t\t\n\n<h1><strong>\u00c7EREZ POL\u0130T\u0130KASI<\/strong><\/h1>\n\n\t\t\n<style>\n#text-1054031619 {\n  font-size: 1.5rem;\n  text-align: center;\n}\n<\/style>\n\t<\/div>\n\t\n\t<div id=\"text-990417730\" class=\"text\">\n\t\t\n\n<p><strong>G\u0130R\u0130\u015e<\/strong><\/p>\n<p>CROM TEST olarak, kullan\u0131c\u0131lar\u0131m\u0131z\u0131n hizmetlerimizden g\u00fcvenli ve eksiksiz \u015fekilde faydalanmalar\u0131n\u0131 sa\u011flamak amac\u0131yla sitemizi kullanan ki\u015filerin gizlili\u011fini korumak i\u00e7in \u00e7al\u0131\u015fmaktay\u0131z. \u00c7o\u011fu web sitesinde oldu\u011fu gibi, www.cromtest.com (\u201cSite\u201d) ile varsa mobil uygulaman\u0131n (hepsi birlikte \u201cPlatform\u201d olarak an\u0131lacakt\u0131r) ziyaret\u00e7ilere ki\u015fisel i\u00e7erik ve reklamlar g\u00f6stermek, site i\u00e7inde analitik faaliyetler ger\u00e7ekle\u015ftirmek ve ziyaret\u00e7i kullan\u0131m al\u0131\u015fkanl\u0131klar\u0131n\u0131 takip etmek amac\u0131yla \u00c7erezler kullan\u0131lmaktad\u0131r. \u0130\u015fbu \u00c7erez Politikas\u0131, CROM TEST Gizlilik Politikas\u0131\u2019n\u0131n ayr\u0131lmaz bir par\u00e7as\u0131d\u0131r.<\/p>\n<p>CROM TEST, bu \u00c7erez Politikas\u0131\u2019n\u0131 (\u201cPolitika\u201d) Site\u2019de hangi \u00c7erezlerin kullan\u0131ld\u0131\u011f\u0131n\u0131 ve kullan\u0131c\u0131lar\u0131n bu konudaki tercihlerini nas\u0131l y\u00f6netebilece\u011fini a\u00e7\u0131klamak amac\u0131yla haz\u0131rlam\u0131\u015ft\u0131r. CROM TEST taraf\u0131ndan ki\u015fisel verilerinizin i\u015flenmesine ili\u015fkin daha detayl\u0131 bilgi i\u00e7in www.cromtest.com Gizlilik Politikas\u0131\u2019n\u0131 incelemenizi tavsiye ederiz.<\/p>\n<p><strong>\u00c7EREZ (\u201cCOOKIE\u201d) NED\u0130R?<\/strong><\/p>\n<p>\u00c7erezler, ziyaret etti\u011finiz internet siteleri taraf\u0131ndan taray\u0131c\u0131lar arac\u0131l\u0131\u011f\u0131yla cihaz\u0131n\u0131za veya a\u011f sunucusuna depolanan k\u00fc\u00e7\u00fck metin dosyalar\u0131d\u0131r. \u00c7erezler, ziyaret etti\u011finiz web sitesiyle ili\u015fkili sunucular taraf\u0131ndan olu\u015fturulur. B\u00f6ylelikle ziyaret\u00e7i ayn\u0131 siteyi tekrar ziyaret etti\u011finde sunucu bunu anlayabilir. \u00c7erezler, ziyaret\u00e7ilere ili\u015fkin isim, cinsiyet veya adres gibi do\u011frudan ki\u015fisel verileri i\u00e7ermezler. \u00c7erezler konusunda daha detayl\u0131 bilgi i\u00e7in www.aboutcookies.org ve www.allaboutcookies.org adreslerini ziyaret edebilirsiniz.<\/p>\n<p><strong>HANG\u0130 \u00c7EREZLER KULLANILMAKTADIR?<\/strong><\/p>\n<p>\u00c7erezler, sahipleri, kullan\u0131m \u00f6m\u00fcrleri ve kullan\u0131m ama\u00e7lar\u0131 a\u00e7\u0131s\u0131ndan kategorize edilebilir:<\/p>\n<p><strong>\u00c7erezi Yerle\u015ftiren Tarafa G\u00f6re:<\/strong><\/p>\n<ul>\n<li><strong>Platform \u00c7erezleri (Birinci Taraf \u00c7erezleri):<\/strong>\u00a0CROM TEST taraf\u0131ndan olu\u015fturulur ve y\u00f6netilir.<\/li>\n<li><strong>\u00dc\u00e7\u00fcnc\u00fc Taraf \u00c7erezleri:<\/strong>\u00a0CROM TEST ile i\u015f birli\u011fi i\u00e7inde olan farkl\u0131 firmalar (\u00f6rn: reklamc\u0131l\u0131k, analitik hizmet sa\u011flay\u0131c\u0131lar\u0131) taraf\u0131ndan y\u00f6netilir.<\/li>\n<\/ul>\n<p><strong>Aktif Oldu\u011fu S\u00fcreye G\u00f6re:<\/strong><\/p>\n<ul>\n<li><strong>Oturum \u00c7erezleri:<\/strong> Ziyaret\u00e7inin Platformu terk etmesiyle birlikte silinir.<\/li>\n<li><strong>Kal\u0131c\u0131 \u00c7erezler:<\/strong>\u00a0Kullan\u0131m alan\u0131na ba\u011fl\u0131 olarak \u00e7e\u015fitli s\u00fcrelerle ziyaret\u00e7ilerin cihazlar\u0131nda kalabilen \u00e7erezlerdir.<\/li>\n<\/ul>\n<p><strong>Kullan\u0131m Ama\u00e7lar\u0131na G\u00f6re:<\/strong><\/p>\n<ul>\n<li><strong>Teknik \u00c7erezler:<\/strong> Platformun temel fonksiyonlar\u0131n\u0131n \u00e7al\u0131\u015fmas\u0131 i\u00e7in gereklidir (\u00f6rn: sepet i\u00e7eri\u011finin korunmas\u0131, oturum a\u00e7m\u0131\u015f kullan\u0131c\u0131lar\u0131n sayfalar aras\u0131nda \u015fifre girmesine gerek kalmamas\u0131).<\/li>\n<li><strong>Do\u011frulama \u00c7erezleri:<\/strong>\u00a0Kullan\u0131c\u0131lar\u0131n kimli\u011fini do\u011frulamak ve yetkilendirme s\u00fcre\u00e7lerini y\u00f6netmek i\u00e7in kullan\u0131l\u0131r.<\/li>\n<li><strong>Hedefleme\/Reklam \u00c7erezleri:<\/strong>\u00a0Ziyaret\u00e7ilerin ilgi alanlar\u0131yla ba\u011flant\u0131l\u0131 reklam g\u00f6sterilmesi amac\u0131yla kullan\u0131l\u0131r.<\/li>\n<li><strong>Ki\u015fiselle\u015ftirme \u00c7erezleri:<\/strong>\u00a0Kullan\u0131c\u0131 tercihlerini (\u00f6rn: dil, b\u00f6lge) hat\u0131rlamak ve ki\u015fiselle\u015ftirilmi\u015f i\u00e7erik sunmak i\u00e7in kullan\u0131l\u0131r.<\/li>\n<li><strong>Analitik \u00c7erezler:<\/strong> Platformu analiz etmek, performans\u0131n\u0131 art\u0131rmak (\u00f6rn: ziyaret\u00e7i say\u0131s\u0131 tespiti, kullan\u0131m al\u0131\u015fkanl\u0131klar\u0131) ve geli\u015ftirme yapmak amac\u0131yla kullan\u0131l\u0131r.<\/li>\n<\/ul>\n<p><strong>NEDEN \u00c7EREZLER KULLANILMAKTADIR?<\/strong><\/p>\n<p>Platformda \u00c7erezler a\u015fa\u011f\u0131daki ama\u00e7lar kapsam\u0131nda kullan\u0131lmaktad\u0131r:<\/p>\n<ul>\n<li><strong>Platformun Temel Fonksiyonlar\u0131n\u0131 Ger\u00e7ekle\u015ftirmek:<\/strong> Platformun sorunsuz \u00e7al\u0131\u015fmas\u0131 i\u00e7in gerekli temel i\u015flevleri sa\u011flamak.<\/li>\n<li><strong>Platform Analizi ve Performans \u0130yile\u015ftirmesi:<\/strong> Platformun kullan\u0131m\u0131n\u0131 analiz ederek performans\u0131n\u0131 art\u0131rmak, kullan\u0131c\u0131lar\u0131n arad\u0131klar\u0131n\u0131 daha kolay bulmalar\u0131n\u0131 sa\u011flamak.<\/li>\n<li><strong>Platform \u0130\u015flevselli\u011fini Art\u0131rmak ve Kullan\u0131m Kolayl\u0131\u011f\u0131 Sa\u011flamak:<\/strong>\u00a0Platform \u00fczerinden \u00fc\u00e7\u00fcnc\u00fc taraf sosyal medya mecralar\u0131na payla\u015f\u0131mda bulunma, kullan\u0131c\u0131 ad\u0131 bilgilerini hat\u0131rlama gibi \u00f6zelliklerle kullan\u0131m kolayl\u0131\u011f\u0131 sunmak.<\/li>\n<li><strong>Ki\u015fiselle\u015ftirme, Hedefleme ve Reklamc\u0131l\u0131k Faaliyeti Ger\u00e7ekle\u015ftirmek:<\/strong>\u00a0Ziyaret\u00e7ilerin Platform \u00fczerindeki davran\u0131\u015flar\u0131na g\u00f6re ki\u015fiselle\u015ftirilmi\u015f i\u00e7erik ve reklamlar sunmak.<\/li>\n<\/ul>\n<p><strong>\u00c7EREZ TERC\u0130HLER\u0130N\u0130Z\u0130 NASIL Y\u00d6NETEB\u0130L\u0130RS\u0130N\u0130Z?<\/strong><\/p>\n<p>CROM TEST, kullan\u0131c\u0131lar\u0131n kendilerine ait ki\u015fisel veriler \u00fczerindeki tercihlerini kullanabilmelerini son derece \u00f6nemsemektedir. Bununla birlikte, Site\u2019nin \u00e7al\u0131\u015fmas\u0131 i\u00e7in zorunlu olan baz\u0131 \u00c7erezler konusunda tercih y\u00f6netimi m\u00fcmk\u00fcn olmamaktad\u0131r. Ayr\u0131ca baz\u0131 \u00c7erezlerin kapat\u0131lmas\u0131 halinde Site\u2019nin \u00e7e\u015fitli fonksiyonlar\u0131n\u0131n \u00e7al\u0131\u015fmayabilece\u011fini hat\u0131rlatmak isteriz.<\/p>\n<p>Platformda kullan\u0131lan \u00c7erezlere dair tercihlerin ne \u015fekilde y\u00f6netilebilece\u011fine dair bilgiler a\u015fa\u011f\u0131daki gibidir:<\/p>\n<ul>\n<li>Ziyaret\u00e7iler, Platformu g\u00f6r\u00fcnt\u00fcledikleri taray\u0131c\u0131 ayarlar\u0131n\u0131 de\u011fi\u015ftirerek \u00e7erezlere ili\u015fkin tercihlerini ki\u015fiselle\u015ftirme imkan\u0131na sahiptir. Taray\u0131c\u0131n\u0131n sunmu\u015f oldu\u011fu imkanlara g\u00f6re farkl\u0131l\u0131k g\u00f6sterebilmekle birlikte, veri sahiplerinin \u00e7erezlerin kullan\u0131lmas\u0131n\u0131 engelleme, \u00e7erez kullan\u0131lmadan \u00f6nce uyar\u0131 almay\u0131 tercih etme veya sadece baz\u0131 \u00c7erezleri devre d\u0131\u015f\u0131 b\u0131rakma ya da silme imkanlar\u0131 bulunmaktad\u0131r. Bu konudaki tercihler kullan\u0131lan taray\u0131c\u0131ya g\u00f6re de\u011fi\u015fiklik g\u00f6stermekle birlikte genel a\u00e7\u0131klamaya <a href=\"https:\/\/www.aboutcookies.org\/\">https:\/\/www.aboutcookies.org\/<\/a> adresinden ula\u015fmak m\u00fcmk\u00fcnd\u00fcr. \u00c7erezlere ili\u015fkin tercihlerin, ziyaret\u00e7inin Platforma eri\u015fim sa\u011flad\u0131\u011f\u0131 her bir cihaz \u00f6zelinde ayr\u0131 ayr\u0131 yap\u0131lmas\u0131 gerekebilecektir.<\/li>\n<li>Google Analytics taraf\u0131ndan y\u00f6netilen \u00c7erezleri kapatmak i\u00e7in [buraya t\u0131klay\u0131n\u0131z \/ ilgili ba\u011flant\u0131y\u0131 ekleyiniz].<\/li>\n<li>Google taraf\u0131ndan sa\u011flanan ki\u015fiselle\u015ftirilmi\u015f reklam deneyimini y\u00f6netmek i\u00e7in [buraya t\u0131klay\u0131n\u0131z \/ ilgili ba\u011flant\u0131y\u0131 ekleyiniz].<\/li>\n<li>Bir\u00e7ok firman\u0131n reklam faaliyetleri i\u00e7in kulland\u0131\u011f\u0131 \u00e7erezler bak\u0131m\u0131ndan tercihler Your Online Choices (<a href=\"https:\/\/www.youronlinechoices.com\/tr\/\">www.youronlinechoices.com\/tr\/<\/a>) \u00fczerinden y\u00f6netilebilir.<\/li>\n<li>Mobil cihazlar \u00fczerinden \u00c7erezleri y\u00f6netmek i\u00e7in mobil cihaza ait ayarlar men\u00fcs\u00fc kullan\u0131labilir.<\/li>\n<\/ul>\n<p><strong>RIZA VE POL\u0130T\u0130KADAK\u0130 DE\u011e\u0130\u015e\u0130KL\u0130KLER<\/strong><\/p>\n<p>CROM TEST, Gizlilik Politikas\u0131 (\u201cPolitika\u201d) ile kullan\u0131c\u0131lar\u0131na \u00c7erez kullan\u0131m\u0131n\u0131n kapsam\u0131 ve ama\u00e7lar\u0131 hakk\u0131nda detayl\u0131 a\u00e7\u0131klama sunmay\u0131 ve \u00c7erez tercihleri konusunda kullan\u0131c\u0131lar\u0131n\u0131 bilgilendirmeyi hedeflemi\u015ftir. Bu bak\u0131mdan, Platformda yer alan \u00c7erez bilgilendirme uyar\u0131s\u0131n\u0131n kapat\u0131lmas\u0131 ve Site\u2019nin kullan\u0131lmaya devam edilmesi halinde \u00c7erez kullan\u0131m\u0131na r\u0131za verildi\u011fi kabul edilmektedir. Kullan\u0131c\u0131lar\u0131n \u00c7erez tercihlerini de\u011fi\u015ftirme imk\u00e2n\u0131 her zaman sakl\u0131d\u0131r.<\/p>\n<p>CROM TEST, Politika h\u00fck\u00fcmlerini diledi\u011fi zaman de\u011fi\u015ftirebilir. G\u00fcncel Politika, Platformda yay\u0131nland\u0131\u011f\u0131 tarihte y\u00fcr\u00fcrl\u00fck kazan\u0131r.<\/p>\n<p>\u00a0<\/p>\n\t\t\n<style>\n#text-990417730 {\n  font-size: 1.1rem;\n  line-height: 1.6;\n}\n<\/style>\n\t<\/div>\n\t\n\n\t\t<\/div>\n\t\t\t\t\n<style>\n#col-1897725487 > .col-inner {\n  padding: 1% 6% 1% 6%;\n}\n<\/style>\n\t<\/div>\n\n\t\n\n<\/div>\n\n\t\t<\/div>\n\n\t\t\n<style>\n#section_2003495135 {\n  padding-top: 30px;\n  padding-bottom: 30px;\n}\n<\/style>\n\t<\/section>\n\t\n\n","protected":false},"excerpt":{"rendered":"","protected":false},"author":1,"featured_media":0,"parent":258,"menu_order":0,"comment_status":"closed","ping_status":"closed","template":"","meta":{"footnotes":""},"class_list":["post-268","page","type-page","status-publish","hentry"],"jetpack_sharing_enabled":true,"_links":{"self":[{"href":"https:\/\/www.cromtest.com\/ana-sayfa\/wp-json\/wp\/v2\/pages\/268","targetHints":{"allow":["GET"]}}],"collection":[{"href":"https:\/\/www.cromtest.com\/ana-sayfa\/wp-json\/wp\/v2\/pages"}],"about":[{"href":"https:\/\/www.cromtest.com\/ana-sayfa\/wp-json\/wp\/v2\/types\/page"}],"author":[{"embeddable":true,"href":"https:\/\/www.cromtest.com\/ana-sayfa\/wp-json\/wp\/v2\/users\/1"}],"replies":[{"embeddable":true,"href":"https:\/\/www.cromtest.com\/ana-sayfa\/wp-json\/wp\/v2\/comments?post=268"}],"version-history":[{"count":11,"href":"https:\/\/www.cromtest.com\/ana-sayfa\/wp-json\/wp\/v2\/pages\/268\/revisions"}],"predecessor-version":[{"id":433,"href":"https:\/\/www.cromtest.com\/ana-sayfa\/wp-json\/wp\/v2\/pages\/268\/revisions\/433"}],"up":[{"embeddable":true,"href":"https:\/\/www.cromtest.com\/ana-sayfa\/wp-json\/wp\/v2\/pages\/258"}],"wp:attachment":[{"href":"https:\/\/www.cromtest.com\/ana-sayfa\/wp-json\/wp\/v2\/media?parent=268"}],"curies":[{"name":"wp","href":"https:\/\/api.w.org\/{rel}","templated":true}]}}